 7*z**2 + 3*z + 11. Let y(r) = r + 1. Let h(f) = u(f) + y(f). List the prime factors of h(17).
2, 3
Let m(s) = -3 - 21*s - 11 + 11302*s**2 + 0 - 11301*s**2 - 8. What are the prime factors of m(23)?
2, 3
Let a(o) be the first derivative of o**3/3 - 5*o**2 - 5*o + 25. Let d be a(11). Suppose -438 = -d*w + 504. List the prime factors of w.
157
Let o = 539 - 1299. Let v = 1568 + o. What are the prime factors of v?
2, 101
Let w be (13/(-4) - -3) + 1609/4. Let s be (w + 28)*(-2)/(-4). Let b = s - 103. List the prime factors of b.
2, 7
Let t = -2004 - -1047. Let d = -428 - t. List the prime factors of d.
23
Let k(c) = 97*c + 6234. List the prime factors of k(-10).
2, 7, 47
Let x be 2*(5 + (-21)/2). Let b(d) = -15*d + 66. What are the prime factors of b(x)?
3, 7, 11
Let a(x) = -x + 21. Let h be a(11). Suppose 0 = h*o - 1 - 19. Suppose -3*t + d = -110, t + 40 = o*t - 2*d. List the prime factors of t.
2, 3
Let n = 134 + -223. Let k(s) = -s - 30. Let a be k(6). Let t = a - n. What are the prime factors of t?
53
Suppose -w + 38*s = 42*s - 80191, -2*w + 160373 = -s. What are the prime factors of w?
3, 26729
Let s(h) = 32*h**2 - 13*h + 51. What are the prime factors of s(12)?
3, 19, 79
Let u = -7979 + 11241. What are the prime factors of u?
2, 7, 233
Suppose -2*k + 28 = -4*k. Let d(o) be the third derivative of o**5/30 + 5*o**4/8 - 29*o**3/6 + 558*o**2. What are the prime factors of d(k)?
3, 17
Let x(o) = -34*o + 1039. What are the prime factors of x(-30)?
29, 71
Let c = 31487 - -7046. List the prime factors of c.
11, 31, 113
Suppose w - 139*w + 10112636 + 2185234 = 0. What are the prime factors of w?
3, 5, 13, 457
Let n = -54 - -134. Let m = 80 + n. List the prime factors of m.
2, 5
Let w(g) = -2*g**3 - g**2 + 2*g - 6. Let u(q) = 2*q + 6. Let n be u(-2). Let h(c) = -2*c**2 + 4. Let r be h(n). What are the prime factors of w(r)?
2, 7
Let t be -102*(-2 + 3 - 16)/(-2). Let c = t - -1157. List the prime factors of c.
2, 7
Let g = 80 + -63. Suppose -w - w - g = -3*l, 4*l = 2*w + 22. List the prime factors of -1*(-65 - -3) + (3 - l).
2, 3, 5
Let d(a) = 78*a**3 - 64*a + 479. What are the prime factors of d(9)?
5, 11353
What are the prime factors of ((-496)/6)/(((-30)/63)/10)?
2, 7, 31
Suppose u + 3528 = 8*u. Suppose -6*q - 8*q = -u. List the prime factors of q.
2, 3
List the prime factors of (486/36)/(-9) + (-107050)/(-4).
7, 3823
Suppose 2*i + 248632 + 113974 = 5*v, -5*v = -3*i - 362604. What are the prime factors of v?
2, 3, 17, 79
Let m = -26 + 26. Let v(y) = -y**3 + y**2 + 4*y + 159. Let u be v(m). Let q = -107 + u. List the prime factors of q.
2, 13
Let o(z) = z**3 + 14*z**2 + 36*z + 35. Let x be o(-11). Suppose -x*h - 289 = -685. List the prime factors of h.
2, 3, 11
Let t(s) = -64*s**2 - s - 2. Let l be t(-1). Let p = -87 - l. List the prime factors of (-4)/p - (-595)/55.
11
Suppose -z - 225 - 618 = 0. Let p = z + 1404. List the prime factors of p.
3, 11, 17
Suppose -k + 4178 = i, -k + 315 + 8041 = 2*i. List the prime factors of i.
2, 2089
Let r(a) = 342*a + 38024. List the prime factors of r(0).
2, 7, 97
Let j = 7610 + 13478. What are the prime factors of j?
2, 659
Let t = -33 - -36. Suppose 4*v = -4*w + 756, -t*w + 387 = -w + 5*v. Suppose -5*y - w = -2*u, -465 = -5*u - 3*y - 0*y. List the prime factors of u.
3, 31
Suppose 20 = 3*r - 5*r. Let m be -3 + (397 + r - (-2 + -1)). Suppose 4*x - m = 3*q, 0*x = 4*x - q - 385. What are the prime factors of x?
2, 3
Suppose w + 4*f + 23 = 0, -5*w + 2*f + 2*f = 43. Let s(d) = 23*d**2 + 222*d + 16. List the prime factors of s(w).
3, 7, 17
Suppose 7*j = 4*j + h + 5, 0 = j - 4*h + 2. Suppose -2*f = -31 + 7. Suppose j*q + 0 = f. What are the prime factors of q?
2, 3
Let i be ((-4)/((-24)/(-81)))/(4/8). Let t be 3 + i - (-7 + 3). List the prime factors of (t/25)/((-4)/790).
2, 79
Suppose -5*l + 14*l = 936. Let a = l + -31. List the prime factors of a.
73
Let n(h) = 48*h**2 - 9*h + 175. List the prime factors of n(-11).
2, 3041
Let d = 170257 - 101620. List the prime factors of d.
3, 137, 167
Suppose 32*q = 49*q + 3196. Let p = -144 - q. List the prime factors of p.
2, 11
Suppose 0 = 33*r - 30*r - 2448. Suppose -9*c = 3*c - r. Let a = c - 28. List the prime factors of a.
2, 5
Suppose -21*n = -5*i - 20*n + 53281, -2*n = 12. List the prime factors of i.
5, 2131
Let o(r) = -2*r**2 + r + 2. Let b be o(0). Suppose 2*g = -u + 2*u - 42, -b*u + 64 = g. Suppose -u - 638 = -6*z. List the prime factors of z.
2, 7
Let n = 11603 - 10204. What are the prime factors of n?
1399
Suppose 11*t - 4970 = t. Let w = -255 + t. List the prime factors of w.
2, 11
Suppose -990 + 4598 = 4*w. What are the prime factors of w?
2, 11, 41
Let q = -591 - -591. Suppose q = -2*l + 2*v + 544, 4*l - 2*v - 1087 = 3*v. List the prime factors of l.
3, 7, 13
Let g = -5857 + 17927. What are the prime factors of g?
2, 5, 17, 71
Suppose 0 = 158*d - 156*d, -d = 2*l - 39040. What are the prime factors of l?
2, 5, 61
Let j(o) = -4967*o - 4170. What are the prime factors of j(-5)?
5, 4133
Suppose 0 = 22*b + 2 - 90. Let c(d) = 16*d**3 - d**2 - 16*d + 15. List the prime factors of c(b).
7, 137
What are the prime factors of (-16 - -2105) + (-1 - -3)?
3, 17, 41
Suppose -14 = -4*a - 162. Let n be (-2)/(-4*4/472). Let u = a + n. What are the prime factors of u?
2, 11
Let y = 16776 + -3469. What are the prime factors of y?
7, 1901
Suppose 4*a - 35902 = 5*g, -63*g = -68*g - 30. List the prime factors of a.
2, 19, 59
Let h(m) = m**2 - 34*m + 69. Let g be h(2). Suppose 4*y = 0, 4*c - 3312 = -g*y + y. What are the prime factors of c?
2, 3, 23
Suppose 0 = 4*w + 2*g - 109954, -5*w + 137418 = 20*g - 21*g. What are the prime factors of w?
5, 23, 239
Let p = -292 - -291. What are the prime factors of 1 - (p - 5) - -322?
7, 47
Suppose 127*y - 123*y = 0. Suppose 10*q + q - 7975 = y. What are the prime factors of q?
5, 29
Let v be 8/20 + 232/(-5). Let f = -21 - -9. List the prime factors of 33*(v/f - (-3)/(-6)).
2, 5, 11
Suppose 3*z = 5*s - 232321, -3*s + 1401*z + 139359 = 1404*z. What are the prime factors of s?
2, 5, 23, 101
Suppose -110*c + 112*c = 0. Suppose c = 11*d + 1274 - 3584. What are the prime factors of d?
2, 3, 5, 7
Suppose -21*o + 25*o = 3*r + 3440, -2*o - r = -1730. Let x = -438 + o. What are the prime factors of x?
5, 17
Let s(z) = 157*z**2 + 4*z + 4. Suppose 0 = 12*h - 14*h - 2*d - 10, -4*h + 3*d = -1. What are the prime factors of s(h)?
2, 3, 13
Suppose 3*o - o + 3*t - 24 = 0, 5*o = 5*t + 35. Suppose 20*r = o*r + 4257. List the prime factors of r.
3, 43
Let j(r) = 65*r - 3. Let g be 0 + -3 + 5 - (11 - 12). What are the prime factors of j(g)?
2, 3
List the prime factors of ((-3010)/210)/((-1)/99*1).
3, 11, 43
Let s(i) = -i**3 + 22*i**2 - 14*i + 9. Let w be s(22). Let p = w - -591. List the prime factors of p.
2, 73
Suppose -14*w + 8*w + 473462 = 5*w. What are the prime factors of w?
2, 21521
Let v be 1/(-2 - (-27)/12). What are the prime factors of 102 - -34 - 1*v?
2, 3, 11
Suppose 0 = q + 5*f - 558, q - 5*f - 609 = -61. Suppose -3*u = q - 2179. List the prime factors of u.
2, 271
Let y be (-1)/2 - (138/4 - -3). Let j = y + 139. Let b = j + -31. List the prime factors of b.
2, 5, 7
Let n = 19122 + 15703. What are the prime factors of n?
5, 7, 199
Let b be 0/5 - -9 - 6. What are the prime factors of (-1004)/b*(-7 - 30/(-12))?
2, 3, 251
Let g = 235351 - 166009. List the prime factors of g.
2, 3, 7, 13, 127
List the prime factors of (872 - -3)*53223/1099.
3, 5, 113
Let f(l) = -l**2 - 4*l + 23. Let m be f(-7). Suppose 2*o = -o - 3*i + 2289, m*i + 760 = o. What are the prime factors of o?
2, 3, 127
Suppose 3*t - 115723 = 5*v, -5*t + v + 192715 = -120. What are the prime factors of t?
2, 11, 1753
Let o(x) be the third derivative of -11*x**4/2 + 9*x**3/2 + 117*x**2. List the prime factors of o(-2).
3, 97
Let p(z) = 61*z**2 - 17*z + 60. List the prime factors of p(11).
2, 3, 13, 31
Let d = -377 - -462. List the prime factors of (0 + -2)*(-1 + d/(-10)).
19
Let s be 64/96 + 6848/6. Let v = -494 + s. List the prime factors of v.
2, 3
Let x be (-20)/30*138/(-4). Let b(u) = -u**3 + 24*u**2 - 7*u - 59. What are the prime factors of b(x)?
3, 103
Suppose 5*t = 4*k - 106, -3*k - 4*t = -29 - 35. Let u be (11/(-4))/(k/96). Let w = 0 - u. What are the prime factors of w?
11
Let y = 1991